ve of w**5/120 - w**4/8 - 8*w**3 - w**2 + 17*w + 3. Let p(y) be the second derivative of g(y). Determine p(5).
2
Let l(n) = -12 - 12*n - 21*n**2 + 22*n**2 - 13. Let g be l(14). Let a(y) = y - 1. Let o be a(g). Let s(c) = -c**2 + 2*c + 1. What is s(o)?
1
Let l(c) be the third derivative of 0 + 42*c**2 + 1/60*c**5 + 0*c + 0*c**3 + 1/24*c**4. Let n be (6/8)/((-1)/4). Calculate l(n).
6
Let o(i) = 25*i + 89. Let b(r) = 226*r - 3168. Let s be b(14). What is o(s)?
-11
Let v(g) = g**3 - 6*g**2. Suppose -816 = 27*u - 10347. Suppose -358*i + u*i = -30. Give v(i).
0
Let j be (-46)/(-368) + 15/8. Suppose 3*l - 5*k - 1 = 33, 5*l - 5 = -j*k. Let h(u) = -2*u**2 - u + 5. Determine h(l).
-16
Let d(a) = 7*a**3 - 6*a**2 - a - 7. Let l(s) = -15*s**3 + 14*s**2 + 2*s + 15. Let u(y) = 13*d(y) + 6*l(y). Let i(p) = -12*p + 18. Let z be i(2). Give u(z).
5
Let p(t) = -2*t**2 - 9*t - 13. Let a(g) = -g**2 + 1. Let l(m) = 3*a(m) - p(m). Determine l(14).
-54
Let o(v) = v**2 + v. Let q(y) = -4*y**2 - 4*y. Let m(u) = -3*o(u) - q(u). Let x(c) = 51*c**2 - 16*c - 49. Let r be x(-3). Let s = r + -453. What is m(s)?
30
Let j(f) be the second derivative of f**5/20 - f**4/12 - f**3/3 - 2*f**2 + f - 2. Suppose 40 = 22*q - 12*q. Determine j(q).
36
Let j(q) = -5*q**3 + 4*q**2 + 4*q - 1. Let t(y) = 4*y**3 - 3*y**2 - 3*y. Let s(u) = 2*j(u) + 3*t(u). Determine s(-2).
-20
Suppose 2*a = -2, 99*g + 2*a - 16 = 102*g. Let y(d) = d**3 + 5*d**2 - 9*d - 22. Calculate y(g).
-4
Let n(k) = -k - 11. Let j be 175/30 - 10/12. Let h be ((-3)/9)/((-2)/(-24)) - j. What is n(h)?
-2
Let z(g) be the first derivative of 2*g**3 - g**2 - g + 46. Suppose -b + 2*a - 3 = 0, -5*b + a = -1 + 7. Give z(b).
7
Let v(o) be the first derivative of -o**7/840 + o**6/72 - o**5/40 + 5*o**4/24 - 4*o**3/3 + 2*o**2 - 43. Let a(w) be the third derivative of v(w). Give a(2).
11
Let v(y) = 6*y**2 + 85. Let n(j) = 7*j**2 - 2*j + 99. Let x(s) = -5*n(s) + 6*v(s). Calculate x(-9).
6
Let u(j) = 37. Let l(s) = -s**2 + 7*s + 252. Let f(o) = -l(o) + 7*u(o). Let w be 9/6 - (-21)/14. Calculate f(w).
-5
Let j = -105 + 111. Let w(x) = -3*x**3 - 5*x**2 + 26. Let a(m) = -4 - 2 - 3 + 2*m**2 + m**3. Let r(u) = j*w(u) + 17*a(u). Determine r(4).
3
Suppose 78 - 106 = -7*i. Let k(r) = 3*r**2 - 3*r**3 + 5*r + 3*r**3 - r**3 + 1175 - 1181. What is k(i)?
-2
Let m(o) = 2*o**2 + o - 3. Let x(f) = -37*f + 480. Let q be x(13). What is m(q)?
-2
Suppose -45*h = -2*z - 41*h - 24, z = 3*h - 15. Let v(y) = -y**3 - 6*y**2 - 2*y + 7. Give v(z).
19
Let g(c) be the second derivative of c**6/360 + c**5/40 - 5*c**4/24 + c**3/3 + 17*c**2/2 + 7*c - 2. Let k(b) be the second derivative of g(b). Give k(2).
5
Let n = -2 + -1. Let g(z) = 2*z - 128 - 10*z + 49 + 37 + 38. Calculate g(n).
20
Let u(a) = 11*a**2 - 9*a - 2. Let v(z) = 7*z**2 - 8*z - 2. Suppose -581 = -9*d - 563. Let m(f) = d*u(f) - 3*v(f). Give m(-6).
2
Let o(i) = -158*i**3 - 104*i**2 - 7 + 7*i + 110*i**2 + 159*i**3 + 4. What is o(-5)?
-13
Let t(y) = 8*y**2 + 33 + 3*y + 9*y**2 + y**3 + 3*y + 12*y. Let u = 9987 - 10003. What is t(u)?
1
Let h(c) be the third derivative of c**6/120 - 13*c**5/30 + c**4 + 47*c**3/6 + c**2 - 689*c. Determine h(25).
22
Let l(g) be the third derivative of 1/120*g**5 + 0 + 1/24*g**4 + 3/2*g**3 + 0*g - 18*g**2. Let h(u) be the first derivative of l(u). Give h(7).
8
Let i(t) = 13*t + 28. Let a(n) = 23*n + 55. Let y(p) = -6*a(p) + 11*i(p). Let l(f) = -26*f + 114. Let m(w) = 3*l(w) + 16*y(w). Determine m(7).
4
Suppose 156 - 733 = -130*d + 463. Let x(l) = l + 14. Give x(d).
22
Let b(o) = o**2 + 67*o + 801. Let a be b(-16). Let d(c) = 2*c**3 + 32*c**2 + 32*c + 27. Calculate d(a).
-3
Let a(c) = 11*c**2 - 41*c + 137. Let o(r) = r**2 - 9*r + 1. Let p(s) = -a(s) + 9*o(s). Give p(-4).
0
Let l(i) = -i**2 - 15*i + 31. Let m be (18/42)/(16/56) - 111/6. Calculate l(m).
-3
Let r(t) = t**3 + 4*t**2 + 3*t + 2. Let x be 1*26*10/20. Let h(j) = -j + 28. Let f be h(x). Suppose f = -4*y - 1. Give r(y).
-10
Let q(s) = -s - 6. Let y be q(0). Let r(t) be the first derivative of -3*t**2/2 - 20*t + 31301. What is r(y)?
-2
Let w(g) = -860 - 29*g + g**2 + 1401 - 526. Give w(28).
-13
Suppose -4*p + 12 = 0, 5*b + 4*p - 82352 = 3995. Let z(q) = b*q + 0*q**2 - q**3 + 6 - 17274*q - 9*q**2. Give z(-8).
-2
Let y = 12 - 12. Suppose -w - w + 5*s + 20 = 0, 16 = -4*s. Let p(m) = 318 - 306 - m**3 + w*m**3 - m**2. What is p(y)?
12
Let r(p) = 2 + 2 - p**2 - 2*p - 5*p. Let u(d) = d**2 - 26*d + 133. Let b be u(7). Let z be b + -4 - 6 - -3. Determine r(z).
4
Suppose -6 = -232*a + 237*a + 4*i, -a - 4*i - 14 = 0. Let t(n) be the third derivative of 0 + n**3 + 0*n + 1/30*n**5 + 41*n**a - 5/24*n**4. What is t(4)?
18
Let r(c) = -c**2 - 3*c + 4. Let f = -8 + 5. Let h be r(f). Let z(o) = 33*o - 103. Let b(y) = -8*y + 24. Let j(u) = 13*b(u) + 3*z(u). Calculate j(h).
-17
Let c(l) = 2*l - 1. Let t(y) be the second derivative of y**3/2 + y**2 - 29*y. Let m(j) = -3*c(j) + t(j). What is m(4)?
-7
Suppose -78 = -28*j - 554. Let y(x) = -3*x - 34. Calculate y(j).
17
Let p(t) = -t**2 - 8*t - 7. Suppose -54*b + 61*b - 21 = 0. Suppose 0 = 2*a + 3*r + 2*r - 13, -27 = 2*a - b*r. Calculate p(a).
5
Suppose 2*f = 4 - 0, 4*o - 6 = f. Let h be 60/(-36)*36/(-20). Let n(b) = -b**2 + b**3 + 7*b**o - 5*b + 6 + 4*b + h*b. What is n(-6)?
-6
Let a(p) = 12 + 52 - 61 - 5*p + 10*p. Let w(h) = 4*h + 2. Let t(m) = m + 4. Let f be t(0). Let s(g) = f*w(g) - 3*a(g). Determine s(8).
7
Suppose -56 = 18*v - 32*v. Let i(b) = -3*b + 7. What is i(v)?
-5
Let t(m) = -3*m + 10. Let i be (-3)/((-21)/130) - (-104)/(-182). Let y be ((-4)/i)/(-2) - (-212)/36. Determine t(y).
-8
Let u(g) = -2*g - 17 + 3 - 17*g**2 - 26 - g**3. Let y = -16241 - -16224. Give u(y).
-6
Let b(m) = 113 + 114 - m**2 - 222. Let f = 17 - 13. Calculate b(f).
-11
Let c(y) be the third derivative of y**6/120 - 23*y**5/60 + 11*y**4/12 - y**3 - 1047*y**2. Give c(22).
-6
Let h(i) = 10*i**2 + 19*i + 37. Let q(k) = 6*k**2 + 24*k + 33. Let y(x) = -2*h(x) + 3*q(x). Give y(19).
-51
Let g(d) be the second derivative of 4/3*d**3 + 0 + 3*d**2 + 1/12*d**4 - 136*d. Calculate g(-8).
6
Let h(s) = 6*s + 2. Let t(w) = 2*w**2 + 13*w - 10. Let p(a) = a**3 + 7*a**2 + 2*a + 7. Let k be p(-7). Let y be t(k). Determine h(y).
-16
Let z = -2 - -5. Suppose 5*q - 25 = 0, 5*p - z*q + 6*q - 15 = 0. Let k(g) be the second derivative of -g**4/12 + 2*g**2 + 180*g. Give k(p).
4
Let x(j) = 20*j - 21. Let o = 7737 + -7727. Determine x(o).
179
Let u(h) = -h**2 + 6*h - 10. Suppose -b + 3*g = -32, 5*b - 2*g + g - 160 = 0. Let n = b - 27. Give u(n).
-5
Let x(p) be the first derivative of -p**2/2 - 7*p + 6235. Give x(-7).
0
Let c = -13 - -25. Suppose -20*o + 8*o = -c. Let h(t) = o + 2*t**2 - 7*t + t - t**2. Give h(6).
1
Let z(q) be the first derivative of -q**3/3 - 3*q**2 + 46*q + 1547. Calculate z(-11).
-9
Let m(j) = j**3 - 13*j - 4*j + 5 - j**2 - 13*j**2 - 2*j + j. Determine m(15).
-40
Suppose -2*c = 0, -218*q = -222*q + 2*c - 56. Let s(y) = 2*y**2 + 28*y - 20. Give s(q).
-20
Let b(f) = -f**3 + 10*f + 1 - 18*f + 44*f**2 + 11*f - 38*f**2. Calculate b(7).
-27
Let q(u) = 6*u - 14*u + 136*u**3 + 9*u - 5*u**2 - 3 - 137*u**3. What is q(-7)?
88
Let i = 14063 + -14060. Let t(n) = -14*n + 49. Calculate t(i).
7
Let f(q) = 2*q + 21. Suppose 3*g = 3*u + 33, 11 + 20 = 5*g + 7*u. Give f(g).
39
Suppose 0 = -p - o + 95, -4*p - 3*o + 408 - 26 = 0. Let s = p - 11. Suppose 101 = 3*f + s. Let c(x) = x**3 - 4*x**2 - 3*x - 4. What is c(f)?
6
Let z be (3 - (-6)/(-6))/((-2)/(-10)). Suppose -6*g + z = 34. Let m(b) = b + 2. Let k(u) = 5*u + 8. Let x(j) = -2*k(j) + 9*m(j). What is x(g)?
6
Let s(g) = g**3 + g**2 + 13*g + 2. Let x(o) = -5*o**3 - 3*o**2 - 30*o - 4. Let d(t) = -7*s(t) - 3*x(t). Let c(n) = -n + 6. Let i be c(7). Give d(i).
-7
Suppose 5*m + 4*j - 74 = 0, -6*m = -m - 2*j - 98. Let a be (4/14)/(4/7)*m. Let b(i) = -14*i**2 - a*i - 5 + 27*i**2 - 14*i**2. What is b(-8)?
3
Let d be 21/(-4)*56/(-21). Let t(v) = -3 - d*v + 23*v - 13*v. Determine t(-3).
9
Let j(m) = m**3 - 4*m**2 - 4*m - 3. Let a be 66/10 - 2 - ((-24)/(-5))/8. Give j(a).
-19
Let z(q) = q**3 + 7*q**2 - 18*q + 7. Let f(g) = 8*g**2 + 63*g + 81. Let k be f(-6). Calculate z(k).
7
Let h(i) = 4*i**2 - 6*i + 6. Let t be h(1). Suppose 4*q - 32 = 5*b, t*q + 181 = -5*b + 173. Let f(p) = 2*p**3 - 3*p**2 - 2*p + 1. Give f(